 be a(-6). Suppose 2*q - q = z - 2, -4*z + 20 = x. Suppose 13 = -2*j + q*j. What is the tens digit of j?
1
Suppose 4*b - 3*n + 5*n - 16 = 0, 0 = 4*b - 5*n - 30. Let x = 19 + b. What is the tens digit of x?
2
Let l(z) = 107*z**3 - z**2 + 2*z - 1. Let r be l(1). Suppose -2*y = 3*x - r, -7*y + 2*y + 5*x = -230. What is the units digit of y?
9
Suppose -5*j = 6*a - 7*a + 106, -299 = -4*a - 5*j. What is the tens digit of a?
8
Suppose q - 1 = -6, 2*o + 1 = q. Let i = o + 4. What is the units digit of i?
1
Let w(c) = 7*c**2 + 6 - c**3 + 1 + 10*c + c**2. Let f(u) = u**3 + 5*u**2 - u + 4. Let r be f(-5). What is the units digit of w(r)?
6
Suppose 0 = -f - 4*f + 55. Let l = 5 - f. What is the units digit of (-4)/l*(-2 - -23)?
4
Suppose -7 = -3*a + 11. What is the units digit of a/24 - 118/(-8)?
5
Let d = -4 - -95. What is the tens digit of d?
9
Suppose 38 = -t - 2*t - 4*y, t - 5*y + 38 = 0. What is the units digit of 4/t + (-238)/(-18)?
3
What is the hundreds digit of (1816/4)/(1 - -1)?
2
Let c = 18 - 13. Let a(y) = -3*y**2 + 3*y**2 + c*y**2 + y. What is the units digit of a(1)?
6
Suppose -3*m + 17 = -1. What is the units digit of m?
6
Let x(i) = -7*i**3 + 2*i + 1. Suppose -2*p + 5*p = 3. Suppose -4*h - p = -3*h. What is the units digit of x(h)?
6
Let m = 78 + -45. What is the units digit of m?
3
Suppose -3 = -i + 1, -5*v - 3*i = -877. What is the tens digit of v?
7
Suppose -4*j = -p + 103, -2*j = -8*p + 3*p + 569. What is the tens digit of p?
1
What is the hundreds digit of (-3 - -6) + (140 - 2 - 2)?
1
Let g(v) = -52*v. What is the units digit of g(-2)?
4
Let c = -19 + 11. Let i be (-4)/c - (-2)/(-4). Suppose -5*p + i*l + 2*l = -28, 7 = 2*p - 5*l. What is the units digit of p?
6
Suppose 2*d - 89 = -2*w + 7*d, 3*w = -3*d + 81. What is the tens digit of w?
3
Let q be ((-3 + 3)/3)/(-2). Suppose 2*i - 2*n - 22 = q, -2*i + n + 0*n = -25. What is the units digit of i?
4
Let y(r) = r**2 + r + 4. Let h = -9 - -13. Let a = 4 - h. What is the units digit of y(a)?
4
Suppose 23*i - 20*i = -24. Suppose 0 = q + 3 + 15. Let y = i - q. What is the tens digit of y?
1
Suppose -3*l = 5*f - 609, l + 202 = -5*f + 805. Suppose 0 = 4*o - 304 + f. What is the units digit of o?
6
Let v = -9 - -40. Let c = v - 18. What is the units digit of c?
3
Let r(y) = -y**3 + 12*y**2 + y + 3. Suppose 0*o + 4 = o. Let p be o/3*18/2. What is the tens digit of r(p)?
1
Let q be ((-5)/(-4))/((-3)/(-12)). Let y = q + -4. What is the units digit of y?
1
Suppose -4*j - j = -3*v - 11, 2*j - 2*v - 2 = 0. Let g = j - 1. Suppose -q = g*s - 8, 4*q + 7*s - 40 = 3*s. What is the units digit of q?
1
Let s = 562 - 274. What is the tens digit of s?
8
Suppose -5*t = -3*r - 1 - 3, -2*t + r + 1 = 0. Let c(z) = 3*z**3 + z**2 - z - 1. Let a be c(t). What is the units digit of 465/27 + a/9?
7
Let o = 11 + -22. Let d = o + 30. What is the units digit of d?
9
Let i(t) = 8*t**3 + 3*t**3 - 8 - 13*t**2 - 11*t - 3. Let a(h) = 5*h**3 - 6*h**2 - 5*h - 5. Let c(k) = -13*a(k) + 6*i(k). What is the units digit of c(2)?
5
What is the tens digit of (2 + -3)/(2/(-74))?
3
Suppose -4*n + 26 + 58 = 0. Suppose 2*r = n - 9. What is the units digit of r/3 + 2 + 5?
9
Let g be 82/6 - 2/(-6). Let i = 23 - g. What is the units digit of i?
9
Suppose -q = -2*t + 3, 0*t - t = 2*q - 4. Suppose -t*u + u = -7. What is the units digit of 26/u + 6/21?
4
Let a(z) = -z**2 - 4*z - 3. Let m be a(-5). Let j = 0 - m. What is the units digit of j?
8
Let b(c) = c**3 - 10*c**2 + 6*c + 10. Let d(n) = n**3 - 11*n**2 + 6*n + 10. Let a(k) = 3*b(k) - 2*d(k). What is the units digit of a(7)?
3
Let k(r) = 3*r**2 + 7*r + 19. What is the tens digit of k(-8)?
5
Suppose 0 = -0*z - 5*z - 10. What is the units digit of 1/(z/(-8) + 0)?
4
Let m(y) = y**3 + 15*y**2 + 3*y - 9. Let a be m(-14). Suppose 6*k - 11*k + a = 0. What is the units digit of k?
9
What is the units digit of ((-1)/(-1))/(12/72)?
6
Suppose -3*y + 116 = y. Suppose 4*s - 3 = 3*a + 5, 5*s + a = y. What is the units digit of s?
5
Let h = -1 - -2. Let z be 0/(-2 + h + -1). Suppose 1 + 3 = -v + 3*l, z = -4*v - 4*l + 48. What is the units digit of v?
8
Suppose 181 - 31 = -5*c. Let b = -18 - c. What is the units digit of b?
2
What is the hundreds digit of 7/21 + (-1169)/(-3)?
3
Suppose -1 = d - 79. What is the units digit of d?
8
Let g = 10 - -7. What is the units digit of g?
7
Let z(r) = r**2 + 14*r. What is the hundreds digit of z(9)?
2
Let p be 5 + (-1 - -1) + -1. Suppose 0 = -0*y + p*y. Suppose y = 2*f - 7*f + 5. What is the units digit of f?
1
Let v(s) = s - 2. Let z be (1 - 6)/(2/(-2)). Let q be v(z). Suppose 11 = q*k - 31. What is the tens digit of k?
1
Suppose -5*b = c - 101, -3*b + 0*b + 2*c = -71. Let i = -12 + b. What is the units digit of (12/i)/(4/6)?
2
Let q(n) = n**3 + 7*n**2 - n - 4. Let i be (-10 - -3)/(2/(-4)). Suppose -35 = 3*h - i. What is the units digit of q(h)?
3
Suppose 11*v = -0*v + 121. What is the tens digit of v?
1
Let y = 353 - 129. What is the tens digit of y?
2
Suppose 2*c - 43 - 9 = 0. What is the units digit of c?
6
Suppose 138 + 7 = 5*z. What is the tens digit of z?
2
What is the units digit of (-4)/2*(-9)/(-6) + 56?
3
Let k = 15 + -10. Suppose -20 = -5*v + 2*q - 4, 22 = k*v - 4*q. Suppose 5*m - 3*z + 2 = 0, -2*m - 2 = -v*z + 2. What is the units digit of m?
2
Let c(f) = f**3 - 2*f**2. Let j be c(3). Let y be j/7 - 2/7. Suppose 8 = v + y. What is the units digit of v?
7
Let h = 11 - 8. What is the units digit of -18*(h + (-30)/9)?
6
Let a(b) = b**3 - 12*b**2 + 5*b - 1. What is the units digit of a(12)?
9
Let q(j) = -j**2 - 7*j. Let v = -4 + 1. What is the units digit of q(v)?
2
Let o(h) = -h**2 - h + 89. Let u be o(0). Let y = u + -60. What is the units digit of y?
9
Suppose -q - 3 = 4*y, 4*q + 5*y - 4 = -5. Let n(m) be the first derivative of m**4/4 + m**3/3 - m + 8. What is the units digit of n(q)?
1
Suppose -5*j + j + 5*l + 20 = 0, -2*j - 4*l = -10. Suppose -o = -5, 0 = j*q + 2*o - 280 - 10. What is the tens digit of q?
5
Suppose 0 = -i - 3 - 9. Let d be (-88)/(-14) + i/42. What is the units digit of (-10)/2*(3 - d)?
5
Let g(y) = -y**3 + 7*y**2 + 4*y - 7. What is the units digit of g(6)?
3
Let g = -35 - -19. What is the units digit of (g/12)/(4/(-42))?
4
Let j(r) = r**2 - 7*r - 2. Let z be j(7). Let k(f) = -2*f**3 + f - 2. What is the units digit of k(z)?
2
Let m(z) = z**2 + 5*z - 8. Let h be m(-6). Let y = 20 + h. Suppose -2*x = 3*q - 13, y + 0 = 4*x - 2*q. What is the units digit of x?
5
Let f be 0 + (12 - (-1)/1). Let u = 18 - f. Suppose -19 = -u*b + 21. What is the units digit of b?
8
Let n(g) = -2 + 5*g - 8*g**2 + 3*g**3 - 2*g**3 - 8. Let y be n(8). Suppose -5*k = -2*l - y, l - 45 = -5*k - 0*l. What is the units digit of k?
8
What is the tens digit of 93 - (6 + -3 - (0 + 4))?
9
Let s = 23 + -8. Suppose -4*f + f = -s. Suppose f*j = -4*x + 16, 2*x = 2*j - 2 + 10. What is the units digit of x?
4
Suppose -3*x - 5*p = -527, -2*p + 20 = -6*p. What is the hundreds digit of x?
1
Let j(f) = -f**2 - 7*f - 4. Let c be j(-3). Let a(r) = -2 + 0 + 2*r + 0. What is the tens digit of a(c)?
1
Let q be (-1 + 2)*-3*5. What is the tens digit of 1 + q*2/(-3)?
1
Let l = 24 + -15. Let p = l - 7. Suppose -n = b - 7, 3*n - b - 7 = -p. What is the units digit of n?
3
Let v(o) = -o**3 + 2*o**2 - 5*o - 6. What is the units digit of v(-3)?
4
Suppose 9 + 11 = -5*a, -25 = -3*y - 5*a. Suppose -y = 4*r - r - 3*j, -r + 5*j = 17. Let k(w) = 2*w**2 + w - 2. What is the units digit of k(r)?
4
What is the hundreds digit of (2/4)/((-1)/(-312))?
1
Let q(b) = b - 7. Let c be q(5). Let g = c - -5. What is the units digit of (g/3)/((-2)/(-14))?
7
Let o = -33 - -62. What is the units digit of o?
9
Let x(k) = -k**2 + 7*k + 6. Let w be x(7). Let u(m) = -3*m - 1 + 1 - w. What is the units digit of u(-4)?
6
Let u(z) = -z**3 - 6*z**2 - 2*z - 8. What is the units digit of u(-6)?
4
Let y(s) = 0*s**2 - 3*s - s**2 - 2 - 5*s. Let g be y(-7). Suppose -5 - 5 = -g*z. What is the units digit of z?
2
Suppose 2*o = 32 - 2. What is the units digit of o?
5
Let m(k) = 5*k. Let a be m(1). Suppose 2*b - 26 = -4*g, 2*b + g - 23 = -3. Let d = b - a. What is the units digit of d?
4
Let y be -24*(1 + (-12)/9). What is the tens digit of (2 - 0)/(y/52)?
1
Let n be 8 - (2 + 0 + 1). Suppose -n*m + 110 = 10. What is the units digit of 